{"id":2972,"date":"2022-10-31T12:11:25","date_gmt":"2022-10-31T11:11:25","guid":{"rendered":"https:\/\/grandeminimo.com\/obiettivoresilienza\/?page_id=2972"},"modified":"2024-02-29T11:00:32","modified_gmt":"2024-02-29T10:00:32","slug":"vision-mission","status":"publish","type":"page","link":"https:\/\/grandeminimo.com\/obiettivoresilienza\/vision-mission\/","title":{"rendered":"Vision &#038; Mission"},"content":{"rendered":"\t\t<div data-elementor-type=\"wp-page\" data-elementor-id=\"2972\" class=\"elementor elementor-2972\" data-elementor-post-type=\"page\">\n\t\t\t\t\t\t<section class=\"elementor-section elementor-top-section elementor-element elementor-element-957ccd9 elementor-section-boxed elementor-section-height-default elementor-section-height-default\" data-id=\"957ccd9\" data-element_type=\"section\" data-e-type=\"section\" data-settings=\"{&quot;background_background&quot;:&quot;classic&quot;}\">\n\t\t\t\t\t\t\t<div class=\"elementor-background-overlay\"><\/div>\n\t\t\t\t\t\t\t<div class=\"elementor-container elementor-column-gap-default\">\n\t\t\t\t\t<div class=\"elementor-column elementor-col-100 elementor-top-column elementor-element elementor-element-d424b1c\" data-id=\"d424b1c\" data-element_type=\"column\" data-e-type=\"column\">\n\t\t\t<div class=\"elementor-widget-wrap elementor-element-populated\">\n\t\t\t\t\t\t<div class=\"elementor-element elementor-element-21b006c elementor-widget elementor-widget-heading\" data-id=\"21b006c\" data-element_type=\"widget\" data-e-type=\"widget\" data-widget_type=\"heading.default\">\n\t\t\t\t<div class=\"elementor-widget-container\">\n\t\t\t\t\t<h2 class=\"elementor-heading-title elementor-size-default\">Vision &amp; Mission<\/h2>\t\t\t\t<\/div>\n\t\t\t\t<\/div>\n\t\t\t\t\t<\/div>\n\t\t<\/div>\n\t\t\t\t\t<\/div>\n\t\t<\/section>\n\t\t\t\t<section class=\"elementor-section elementor-top-section elementor-element elementor-element-0658af4 elementor-section-boxed elementor-section-height-default elementor-section-height-default\" data-id=\"0658af4\" data-element_type=\"section\" data-e-type=\"section\">\n\t\t\t\t\t\t<div class=\"elementor-container elementor-column-gap-default\">\n\t\t\t\t\t<div class=\"elementor-column elementor-col-100 elementor-top-column elementor-element elementor-element-38ef4cf\" data-id=\"38ef4cf\" data-element_type=\"column\" data-e-type=\"column\">\n\t\t\t<div class=\"elementor-widget-wrap elementor-element-populated\">\n\t\t\t\t\t\t<div class=\"elementor-element elementor-element-94df23b elementor-widget elementor-widget-heading\" data-id=\"94df23b\" data-element_type=\"widget\" data-e-type=\"widget\" data-widget_type=\"heading.default\">\n\t\t\t\t<div class=\"elementor-widget-container\">\n\t\t\t\t\t<h2 class=\"elementor-heading-title elementor-size-default\">Vision<\/h2>\t\t\t\t<\/div>\n\t\t\t\t<\/div>\n\t\t\t\t<div class=\"elementor-element elementor-element-5c8d79d elementor-widget elementor-widget-text-editor\" data-id=\"5c8d79d\" data-element_type=\"widget\" data-e-type=\"widget\" data-widget_type=\"text-editor.default\">\n\t\t\t\t<div class=\"elementor-widget-container\">\n\t\t\t\t\t\t\t\t\t<p>Stiamo vivendo in un periodo di prolungata instabilit\u00e0, che genera una grande incertezza e difficolt\u00e0 di reazione. Quel che prima pensavamo fosse totalmente assodato, oggi si sta rivelando essere sempre pi\u00f9 fragile, precario ed in balia di decisioni altrui, sulle quali non abbiamo alcun potere.<\/p><blockquote><p style=\"text-align: center;\"><em>&#8220;Un grande vento di cambiamento sta soffiando.&#8221;<\/em><\/p><\/blockquote><p>Crediamo che subire passivamente gli eventi non porti alla felicit\u00e0 e che l\u2019unico modo che abbiamo per vivere al meglio questo tempo di grande cambiamento \u00e8 incidere su ci\u00f2 che possiamo controllare in modo diretto. Siamo convinti che il riacquisire un buon livello di indipendenza in diversi settori ed una solida rete di conoscenze siano i mezzi principali per questo viaggio verso la resilienza.<\/p>\t\t\t\t\t\t\t\t<\/div>\n\t\t\t\t<\/div>\n\t\t\t\t<div class=\"elementor-element elementor-element-41e63f3 elementor-widget elementor-widget-spacer\" data-id=\"41e63f3\" data-element_type=\"widget\" data-e-type=\"widget\" data-widget_type=\"spacer.default\">\n\t\t\t\t<div class=\"elementor-widget-container\">\n\t\t\t\t\t\t\t<div class=\"elementor-spacer\">\n\t\t\t<div class=\"elementor-spacer-inner\"><\/div>\n\t\t<\/div>\n\t\t\t\t\t\t<\/div>\n\t\t\t\t<\/div>\n\t\t\t\t<div class=\"elementor-element elementor-element-389f692 elementor-widget elementor-widget-image\" data-id=\"389f692\" data-element_type=\"widget\" data-e-type=\"widget\" data-widget_type=\"image.default\">\n\t\t\t\t<div class=\"elementor-widget-container\">\n\t\t\t\t\t\t\t\t\t\t\t\t\t\t\t<img fetchpriority=\"high\" decoding=\"async\" width=\"800\" height=\"500\" src=\"https:\/\/grandeminimo.com\/obiettivoresilienza\/wp-content\/uploads\/2022\/10\/joshua-earle-Dwheufds6kQ-unsplash-1080x675-1-1024x640.jpg\" class=\"attachment-large size-large wp-image-2993\" alt=\"\" srcset=\"https:\/\/grandeminimo.com\/obiettivoresilienza\/wp-content\/uploads\/2022\/10\/joshua-earle-Dwheufds6kQ-unsplash-1080x675-1-1024x640.jpg 1024w, https:\/\/grandeminimo.com\/obiettivoresilienza\/wp-content\/uploads\/2022\/10\/joshua-earle-Dwheufds6kQ-unsplash-1080x675-1-300x188.jpg 300w, https:\/\/grandeminimo.com\/obiettivoresilienza\/wp-content\/uploads\/2022\/10\/joshua-earle-Dwheufds6kQ-unsplash-1080x675-1-768x480.jpg 768w, https:\/\/grandeminimo.com\/obiettivoresilienza\/wp-content\/uploads\/2022\/10\/joshua-earle-Dwheufds6kQ-unsplash-1080x675-1.jpg 1080w\" sizes=\"(max-width: 800px) 100vw, 800px\" \/>\t\t\t\t\t\t\t\t\t\t\t\t\t\t\t<\/div>\n\t\t\t\t<\/div>\n\t\t\t\t<div class=\"elementor-element elementor-element-b052f7d elementor-widget elementor-widget-spacer\" data-id=\"b052f7d\" data-element_type=\"widget\" data-e-type=\"widget\" data-widget_type=\"spacer.default\">\n\t\t\t\t<div class=\"elementor-widget-container\">\n\t\t\t\t\t\t\t<div class=\"elementor-spacer\">\n\t\t\t<div class=\"elementor-spacer-inner\"><\/div>\n\t\t<\/div>\n\t\t\t\t\t\t<\/div>\n\t\t\t\t<\/div>\n\t\t\t\t<div class=\"elementor-element elementor-element-17d4892 elementor-widget elementor-widget-heading\" data-id=\"17d4892\" data-element_type=\"widget\" data-e-type=\"widget\" data-widget_type=\"heading.default\">\n\t\t\t\t<div class=\"elementor-widget-container\">\n\t\t\t\t\t<h2 class=\"elementor-heading-title elementor-size-default\">Mission<\/h2>\t\t\t\t<\/div>\n\t\t\t\t<\/div>\n\t\t\t\t<div class=\"elementor-element elementor-element-5c57c10 elementor-widget elementor-widget-text-editor\" data-id=\"5c57c10\" data-element_type=\"widget\" data-e-type=\"widget\" data-widget_type=\"text-editor.default\">\n\t\t\t\t<div class=\"elementor-widget-container\">\n\t\t\t\t\t\t\t\t\t<p>Fornirti tutti gli strumenti pratici per proteggerti dall&#8217;instabilit\u00e0 sociale, economica, climatica e spirituale in corso, per poter vivere con maggior autonomia e libert\u00e0 la tua vita.<\/p><p>Aiutarti a diventare completamente autosufficiente su cibo, acqua, energia e molto altro, per proteggere te e la tua famiglia da eventi socio-economici e climatici duri o improvvisi.<\/p><p>Creare un gruppo di persone che sentono di assomigliarsi, condividono esperienze ma soprattuto si aiutano l&#8217;una con l&#8217;altra.\u00a0<\/p><p>Come dice un vecchio detto : &#8220;La forza del lupo \u00e8 il branco e la forza del branco \u00e8 il lupo&#8221;<\/p>\t\t\t\t\t\t\t\t<\/div>\n\t\t\t\t<\/div>\n\t\t\t\t\t<\/div>\n\t\t<\/div>\n\t\t\t\t\t<\/div>\n\t\t<\/section>\n\t\t\t\t<\/div>\n\t\t","protected":false},"excerpt":{"rendered":"<p>Vision &#038; Mission Vision Stiamo vivendo in un periodo di prolungata instabilit\u00e0, che genera una grande incertezza e difficolt\u00e0 di reazione. Quel che prima pensavamo fosse totalmente assodato, oggi si sta rivelando essere sempre pi\u00f9 fragile, precario ed in balia di decisioni altrui, sulle quali non abbiamo alcun potere. &#8220;Un grande vento di cambiamento sta [&hellip;]<\/p>\n","protected":false},"author":3,"featured_media":0,"parent":0,"menu_order":0,"comment_status":"closed","ping_status":"closed","template":"elementor_header_footer","meta":{"footnotes":""},"class_list":["post-2972","page","type-page","status-publish","hentry"],"yoast_head":"<!-- This site is optimized with the Yoast SEO plugin v27.3 - https:\/\/yoast.com\/product\/yoast-seo-wordpress\/ -->\n<title>Vision &amp; Mission - ObiettivoResilienza<\/title>\n<meta name=\"description\" content=\"Stiamo vivendo in un periodo di prolungata instabilit\u00e0, che genera una grande incertezza e difficolt\u00e0 di reazione. In questi contesti, apprendere i rudimenti per tornare ad essere maggiormente autosufficienti \u00e8 un compito che non possiamo non assolvere.\" \/>\n<meta name=\"robots\" content=\"noindex, nofollow\" \/>\n<meta property=\"og:locale\" content=\"it_IT\" \/>\n<meta property=\"og:type\" content=\"article\" \/>\n<meta property=\"og:title\" content=\"Vision &amp; Mission - ObiettivoResilienza\" \/>\n<meta property=\"og:description\" content=\"Stiamo vivendo in un periodo di prolungata instabilit\u00e0, che genera una grande incertezza e difficolt\u00e0 di reazione. In questi contesti, apprendere i rudimenti per tornare ad essere maggiormente autosufficienti \u00e8 un compito che non possiamo non assolvere.\" \/>\n<meta property=\"og:url\" content=\"https:\/\/grandeminimo.com\/obiettivoresilienza\/vision-mission\/\" \/>\n<meta property=\"og:site_name\" content=\"ObiettivoResilienza\" \/>\n<meta property=\"article:modified_time\" content=\"2024-02-29T10:00:32+00:00\" \/>\n<meta property=\"og:image\" content=\"https:\/\/grandeminimo.com\/obiettivoresilienza\/wp-content\/uploads\/2022\/10\/joshua-earle-Dwheufds6kQ-unsplash-1080x675-1-1024x640.jpg\" \/>\n<meta name=\"twitter:card\" content=\"summary_large_image\" \/>\n<meta name=\"twitter:label1\" content=\"Tempo di lettura stimato\" \/>\n\t<meta name=\"twitter:data1\" content=\"2 minuti\" \/>\n<script type=\"application\/ld+json\" class=\"yoast-schema-graph\">{\"@context\":\"https:\\\/\\\/schema.org\",\"@graph\":[{\"@type\":\"WebPage\",\"@id\":\"https:\\\/\\\/grandeminimo.com\\\/obiettivoresilienza\\\/vision-mission\\\/\",\"url\":\"https:\\\/\\\/grandeminimo.com\\\/obiettivoresilienza\\\/vision-mission\\\/\",\"name\":\"Vision & Mission - ObiettivoResilienza\",\"isPartOf\":{\"@id\":\"https:\\\/\\\/grandeminimo.com\\\/obiettivoresilienza\\\/#website\"},\"primaryImageOfPage\":{\"@id\":\"https:\\\/\\\/grandeminimo.com\\\/obiettivoresilienza\\\/vision-mission\\\/#primaryimage\"},\"image\":{\"@id\":\"https:\\\/\\\/grandeminimo.com\\\/obiettivoresilienza\\\/vision-mission\\\/#primaryimage\"},\"thumbnailUrl\":\"https:\\\/\\\/grandeminimo.com\\\/obiettivoresilienza\\\/wp-content\\\/uploads\\\/2022\\\/10\\\/joshua-earle-Dwheufds6kQ-unsplash-1080x675-1-1024x640.jpg\",\"datePublished\":\"2022-10-31T11:11:25+00:00\",\"dateModified\":\"2024-02-29T10:00:32+00:00\",\"description\":\"Stiamo vivendo in un periodo di prolungata instabilit\u00e0, che genera una grande incertezza e difficolt\u00e0 di reazione. In questi contesti, apprendere i rudimenti per tornare ad essere maggiormente autosufficienti \u00e8 un compito che non possiamo non assolvere.\",\"breadcrumb\":{\"@id\":\"https:\\\/\\\/grandeminimo.com\\\/obiettivoresilienza\\\/vision-mission\\\/#breadcrumb\"},\"inLanguage\":\"it-IT\",\"potentialAction\":[{\"@type\":\"ReadAction\",\"target\":[\"https:\\\/\\\/grandeminimo.com\\\/obiettivoresilienza\\\/vision-mission\\\/\"]}]},{\"@type\":\"ImageObject\",\"inLanguage\":\"it-IT\",\"@id\":\"https:\\\/\\\/grandeminimo.com\\\/obiettivoresilienza\\\/vision-mission\\\/#primaryimage\",\"url\":\"https:\\\/\\\/grandeminimo.com\\\/obiettivoresilienza\\\/wp-content\\\/uploads\\\/2022\\\/10\\\/joshua-earle-Dwheufds6kQ-unsplash-1080x675-1.jpg\",\"contentUrl\":\"https:\\\/\\\/grandeminimo.com\\\/obiettivoresilienza\\\/wp-content\\\/uploads\\\/2022\\\/10\\\/joshua-earle-Dwheufds6kQ-unsplash-1080x675-1.jpg\",\"width\":1080,\"height\":675},{\"@type\":\"BreadcrumbList\",\"@id\":\"https:\\\/\\\/grandeminimo.com\\\/obiettivoresilienza\\\/vision-mission\\\/#breadcrumb\",\"itemListElement\":[{\"@type\":\"ListItem\",\"position\":1,\"name\":\"Home\",\"item\":\"https:\\\/\\\/grandeminimo.com\\\/obiettivoresilienza\\\/\"},{\"@type\":\"ListItem\",\"position\":2,\"name\":\"Vision &#038; Mission\"}]},{\"@type\":\"WebSite\",\"@id\":\"https:\\\/\\\/grandeminimo.com\\\/obiettivoresilienza\\\/#website\",\"url\":\"https:\\\/\\\/grandeminimo.com\\\/obiettivoresilienza\\\/\",\"name\":\"ObiettivoResilienza\",\"description\":\"Viaggio verso l&#039;indipendenza energetica ed alimentare\",\"publisher\":{\"@id\":\"https:\\\/\\\/grandeminimo.com\\\/obiettivoresilienza\\\/#organization\"},\"potentialAction\":[{\"@type\":\"SearchAction\",\"target\":{\"@type\":\"EntryPoint\",\"urlTemplate\":\"https:\\\/\\\/grandeminimo.com\\\/obiettivoresilienza\\\/?s={search_term_string}\"},\"query-input\":{\"@type\":\"PropertyValueSpecification\",\"valueRequired\":true,\"valueName\":\"search_term_string\"}}],\"inLanguage\":\"it-IT\"},{\"@type\":\"Organization\",\"@id\":\"https:\\\/\\\/grandeminimo.com\\\/obiettivoresilienza\\\/#organization\",\"name\":\"ObiettivoResilienza\",\"url\":\"https:\\\/\\\/grandeminimo.com\\\/obiettivoresilienza\\\/\",\"logo\":{\"@type\":\"ImageObject\",\"inLanguage\":\"it-IT\",\"@id\":\"https:\\\/\\\/grandeminimo.com\\\/obiettivoresilienza\\\/#\\\/schema\\\/logo\\\/image\\\/\",\"url\":\"https:\\\/\\\/grandeminimo.com\\\/obiettivoresilienza\\\/wp-content\\\/uploads\\\/2022\\\/07\\\/logo-obiettivo-resilienza.png\",\"contentUrl\":\"https:\\\/\\\/grandeminimo.com\\\/obiettivoresilienza\\\/wp-content\\\/uploads\\\/2022\\\/07\\\/logo-obiettivo-resilienza.png\",\"width\":1921,\"height\":180,\"caption\":\"ObiettivoResilienza\"},\"image\":{\"@id\":\"https:\\\/\\\/grandeminimo.com\\\/obiettivoresilienza\\\/#\\\/schema\\\/logo\\\/image\\\/\"}}]}<\/script>\n<!-- \/ Yoast SEO plugin. -->","yoast_head_json":{"title":"Vision & Mission - ObiettivoResilienza","description":"Stiamo vivendo in un periodo di prolungata instabilit\u00e0, che genera una grande incertezza e difficolt\u00e0 di reazione. In questi contesti, apprendere i rudimenti per tornare ad essere maggiormente autosufficienti \u00e8 un compito che non possiamo non assolvere.","robots":{"index":"noindex","follow":"nofollow"},"og_locale":"it_IT","og_type":"article","og_title":"Vision & Mission - ObiettivoResilienza","og_description":"Stiamo vivendo in un periodo di prolungata instabilit\u00e0, che genera una grande incertezza e difficolt\u00e0 di reazione. In questi contesti, apprendere i rudimenti per tornare ad essere maggiormente autosufficienti \u00e8 un compito che non possiamo non assolvere.","og_url":"https:\/\/grandeminimo.com\/obiettivoresilienza\/vision-mission\/","og_site_name":"ObiettivoResilienza","article_modified_time":"2024-02-29T10:00:32+00:00","og_image":[{"url":"https:\/\/grandeminimo.com\/obiettivoresilienza\/wp-content\/uploads\/2022\/10\/joshua-earle-Dwheufds6kQ-unsplash-1080x675-1-1024x640.jpg","type":"","width":"","height":""}],"twitter_card":"summary_large_image","twitter_misc":{"Tempo di lettura stimato":"2 minuti"},"schema":{"@context":"https:\/\/schema.org","@graph":[{"@type":"WebPage","@id":"https:\/\/grandeminimo.com\/obiettivoresilienza\/vision-mission\/","url":"https:\/\/grandeminimo.com\/obiettivoresilienza\/vision-mission\/","name":"Vision & Mission - ObiettivoResilienza","isPartOf":{"@id":"https:\/\/grandeminimo.com\/obiettivoresilienza\/#website"},"primaryImageOfPage":{"@id":"https:\/\/grandeminimo.com\/obiettivoresilienza\/vision-mission\/#primaryimage"},"image":{"@id":"https:\/\/grandeminimo.com\/obiettivoresilienza\/vision-mission\/#primaryimage"},"thumbnailUrl":"https:\/\/grandeminimo.com\/obiettivoresilienza\/wp-content\/uploads\/2022\/10\/joshua-earle-Dwheufds6kQ-unsplash-1080x675-1-1024x640.jpg","datePublished":"2022-10-31T11:11:25+00:00","dateModified":"2024-02-29T10:00:32+00:00","description":"Stiamo vivendo in un periodo di prolungata instabilit\u00e0, che genera una grande incertezza e difficolt\u00e0 di reazione. In questi contesti, apprendere i rudimenti per tornare ad essere maggiormente autosufficienti \u00e8 un compito che non possiamo non assolvere.","breadcrumb":{"@id":"https:\/\/grandeminimo.com\/obiettivoresilienza\/vision-mission\/#breadcrumb"},"inLanguage":"it-IT","potentialAction":[{"@type":"ReadAction","target":["https:\/\/grandeminimo.com\/obiettivoresilienza\/vision-mission\/"]}]},{"@type":"ImageObject","inLanguage":"it-IT","@id":"https:\/\/grandeminimo.com\/obiettivoresilienza\/vision-mission\/#primaryimage","url":"https:\/\/grandeminimo.com\/obiettivoresilienza\/wp-content\/uploads\/2022\/10\/joshua-earle-Dwheufds6kQ-unsplash-1080x675-1.jpg","contentUrl":"https:\/\/grandeminimo.com\/obiettivoresilienza\/wp-content\/uploads\/2022\/10\/joshua-earle-Dwheufds6kQ-unsplash-1080x675-1.jpg","width":1080,"height":675},{"@type":"BreadcrumbList","@id":"https:\/\/grandeminimo.com\/obiettivoresilienza\/vision-mission\/#breadcrumb","itemListElement":[{"@type":"ListItem","position":1,"name":"Home","item":"https:\/\/grandeminimo.com\/obiettivoresilienza\/"},{"@type":"ListItem","position":2,"name":"Vision &#038; Mission"}]},{"@type":"WebSite","@id":"https:\/\/grandeminimo.com\/obiettivoresilienza\/#website","url":"https:\/\/grandeminimo.com\/obiettivoresilienza\/","name":"ObiettivoResilienza","description":"Viaggio verso l&#039;indipendenza energetica ed alimentare","publisher":{"@id":"https:\/\/grandeminimo.com\/obiettivoresilienza\/#organization"},"potentialAction":[{"@type":"SearchAction","target":{"@type":"EntryPoint","urlTemplate":"https:\/\/grandeminimo.com\/obiettivoresilienza\/?s={search_term_string}"},"query-input":{"@type":"PropertyValueSpecification","valueRequired":true,"valueName":"search_term_string"}}],"inLanguage":"it-IT"},{"@type":"Organization","@id":"https:\/\/grandeminimo.com\/obiettivoresilienza\/#organization","name":"ObiettivoResilienza","url":"https:\/\/grandeminimo.com\/obiettivoresilienza\/","logo":{"@type":"ImageObject","inLanguage":"it-IT","@id":"https:\/\/grandeminimo.com\/obiettivoresilienza\/#\/schema\/logo\/image\/","url":"https:\/\/grandeminimo.com\/obiettivoresilienza\/wp-content\/uploads\/2022\/07\/logo-obiettivo-resilienza.png","contentUrl":"https:\/\/grandeminimo.com\/obiettivoresilienza\/wp-content\/uploads\/2022\/07\/logo-obiettivo-resilienza.png","width":1921,"height":180,"caption":"ObiettivoResilienza"},"image":{"@id":"https:\/\/grandeminimo.com\/obiettivoresilienza\/#\/schema\/logo\/image\/"}}]}},"_links":{"self":[{"href":"https:\/\/grandeminimo.com\/obiettivoresilienza\/wp-json\/wp\/v2\/pages\/2972","targetHints":{"allow":["GET"]}}],"collection":[{"href":"https:\/\/grandeminimo.com\/obiettivoresilienza\/wp-json\/wp\/v2\/pages"}],"about":[{"href":"https:\/\/grandeminimo.com\/obiettivoresilienza\/wp-json\/wp\/v2\/types\/page"}],"author":[{"embeddable":true,"href":"https:\/\/grandeminimo.com\/obiettivoresilienza\/wp-json\/wp\/v2\/users\/3"}],"replies":[{"embeddable":true,"href":"https:\/\/grandeminimo.com\/obiettivoresilienza\/wp-json\/wp\/v2\/comments?post=2972"}],"version-history":[{"count":48,"href":"https:\/\/grandeminimo.com\/obiettivoresilienza\/wp-json\/wp\/v2\/pages\/2972\/revisions"}],"predecessor-version":[{"id":10161,"href":"https:\/\/grandeminimo.com\/obiettivoresilienza\/wp-json\/wp\/v2\/pages\/2972\/revisions\/10161"}],"wp:attachment":[{"href":"https:\/\/grandeminimo.com\/obiettivoresilienza\/wp-json\/wp\/v2\/media?parent=2972"}],"curies":[{"name":"wp","href":"https:\/\/api.w.org\/{rel}","templated":true}]}}